{"id":148,"date":"2018-01-03T15:50:56","date_gmt":"2018-01-03T15:50:56","guid":{"rendered":"http:\/\/esildealba.com\/blog\/wp-content\/uploads\/2018\/01\/CABINAS-GALA-FLEX.jpg"},"modified":"2018-01-03T15:57:39","modified_gmt":"2018-01-03T15:57:39","slug":"imagen-483","status":"inherit","type":"attachment","link":"https:\/\/esildealba.com\/blog\/banera-o-cabina-de-ducha-en-el-bano\/imagen-483\/","title":{"rendered":"Ba\u00f1era modelo Flex Center, acabado acr\u00edlico, con 3 posibles opciones de hodromasaje."},"author":1,"featured_media":0,"comment_status":"open","ping_status":"closed","template":"","meta":[],"class_list":["post-148","attachment","type-attachment","status-inherit","hentry"],"yoast_head":"<!-- This site is optimized with the Yoast SEO plugin v27.0 - https:\/\/yoast.com\/product\/yoast-seo-wordpress\/ -->\n<title>Ba\u00f1era modelo Flex Center, acabado acr\u00edlico, con 3 posibles opciones de hodromasaje. - El blog de Esil de Alba<\/title>\n<meta name=\"robots\" content=\"index, follow, max-snippet:-1, max-image-preview:large, max-video-preview:-1\" \/>\n<link rel=\"canonical\" href=\"https:\/\/esildealba.com\/blog\/wp-content\/uploads\/2018\/01\/CABINAS-GALA-FLEX.jpg\" \/>\n<meta property=\"og:locale\" content=\"es_ES\" \/>\n<meta property=\"og:type\" content=\"article\" \/>\n<meta property=\"og:title\" content=\"Ba\u00f1era modelo Flex Center, acabado acr\u00edlico, con 3 posibles opciones de hodromasaje. - El blog de Esil de Alba\" \/>\n<meta property=\"og:description\" content=\"Ba\u00f1era modelo Flex Center, acabado acr\u00edlico, con 3 posibles opciones de hodromasaje.\" \/>\n<meta property=\"og:url\" content=\"https:\/\/esildealba.com\/blog\/wp-content\/uploads\/2018\/01\/CABINAS-GALA-FLEX.jpg\" \/>\n<meta property=\"og:site_name\" content=\"El blog de Esil de Alba\" \/>\n<meta property=\"article:modified_time\" content=\"2018-01-03T15:57:39+00:00\" \/>\n<meta property=\"og:image\" content=\"https:\/\/esildealba.com\/blog\/wp-content\/uploads\/2018\/01\/CABINAS-GALA-FLEX.jpg\" \/>\n\t<meta property=\"og:image:width\" content=\"800\" \/>\n\t<meta property=\"og:image:height\" content=\"558\" \/>\n\t<meta property=\"og:image:type\" content=\"image\/jpeg\" \/>\n<meta name=\"twitter:card\" content=\"summary_large_image\" \/>\n<script type=\"application\/ld+json\" class=\"yoast-schema-graph\">{\"@context\":\"https:\/\/schema.org\",\"@graph\":[{\"@type\":\"WebPage\",\"@id\":\"https:\/\/esildealba.com\/blog\/wp-content\/uploads\/2018\/01\/CABINAS-GALA-FLEX.jpg\",\"url\":\"https:\/\/esildealba.com\/blog\/wp-content\/uploads\/2018\/01\/CABINAS-GALA-FLEX.jpg\",\"name\":\"Ba\u00f1era modelo Flex Center, acabado acr\u00edlico, con 3 posibles opciones de hodromasaje. - El blog de Esil de Alba\",\"isPartOf\":{\"@id\":\"https:\/\/esildealba.com\/blog\/#website\"},\"datePublished\":\"2018-01-03T15:50:56+00:00\",\"dateModified\":\"2018-01-03T15:57:39+00:00\",\"breadcrumb\":{\"@id\":\"https:\/\/esildealba.com\/blog\/wp-content\/uploads\/2018\/01\/CABINAS-GALA-FLEX.jpg#breadcrumb\"},\"inLanguage\":\"es\",\"potentialAction\":[{\"@type\":\"ReadAction\",\"target\":[\"https:\/\/esildealba.com\/blog\/wp-content\/uploads\/2018\/01\/CABINAS-GALA-FLEX.jpg\"]}]},{\"@type\":\"BreadcrumbList\",\"@id\":\"https:\/\/esildealba.com\/blog\/wp-content\/uploads\/2018\/01\/CABINAS-GALA-FLEX.jpg#breadcrumb\",\"itemListElement\":[{\"@type\":\"ListItem\",\"position\":1,\"name\":\"Portada\",\"item\":\"https:\/\/esildealba.com\/blog\/\"},{\"@type\":\"ListItem\",\"position\":2,\"name\":\"Nos hemos decidido a renovar el ba\u00f1o, y nos surge una cuesti\u00f3n importante \u00bfcabina de ducha o ba\u00f1era?\",\"item\":\"https:\/\/esildealba.com\/blog\/banera-o-cabina-de-ducha-en-el-bano\/\"},{\"@type\":\"ListItem\",\"position\":3,\"name\":\"Ba\u00f1era modelo Flex Center, acabado acr\u00edlico, con 3 posibles opciones de hodromasaje.\"}]},{\"@type\":\"WebSite\",\"@id\":\"https:\/\/esildealba.com\/blog\/#website\",\"url\":\"https:\/\/esildealba.com\/blog\/\",\"name\":\"El blog de Esil de Alba\",\"description\":\"Pavimentos, gres, azulejos y mobiliario del hogar en Madrid\",\"potentialAction\":[{\"@type\":\"SearchAction\",\"target\":{\"@type\":\"EntryPoint\",\"urlTemplate\":\"https:\/\/esildealba.com\/blog\/?s={search_term_string}\"},\"query-input\":{\"@type\":\"PropertyValueSpecification\",\"valueRequired\":true,\"valueName\":\"search_term_string\"}}],\"inLanguage\":\"es\"}]}<\/script>\n<!-- \/ Yoast SEO plugin. -->","yoast_head_json":{"title":"Ba\u00f1era modelo Flex Center, acabado acr\u00edlico, con 3 posibles opciones de hodromasaje. - El blog de Esil de Alba","robots":{"index":"index","follow":"follow","max-snippet":"max-snippet:-1","max-image-preview":"max-image-preview:large","max-video-preview":"max-video-preview:-1"},"canonical":"https:\/\/esildealba.com\/blog\/wp-content\/uploads\/2018\/01\/CABINAS-GALA-FLEX.jpg","og_locale":"es_ES","og_type":"article","og_title":"Ba\u00f1era modelo Flex Center, acabado acr\u00edlico, con 3 posibles opciones de hodromasaje. - El blog de Esil de Alba","og_description":"Ba\u00f1era modelo Flex Center, acabado acr\u00edlico, con 3 posibles opciones de hodromasaje.","og_url":"https:\/\/esildealba.com\/blog\/wp-content\/uploads\/2018\/01\/CABINAS-GALA-FLEX.jpg","og_site_name":"El blog de Esil de Alba","article_modified_time":"2018-01-03T15:57:39+00:00","og_image":[{"width":800,"height":558,"url":"https:\/\/esildealba.com\/blog\/wp-content\/uploads\/2018\/01\/CABINAS-GALA-FLEX.jpg","type":"image\/jpeg"}],"twitter_card":"summary_large_image","schema":{"@context":"https:\/\/schema.org","@graph":[{"@type":"WebPage","@id":"https:\/\/esildealba.com\/blog\/wp-content\/uploads\/2018\/01\/CABINAS-GALA-FLEX.jpg","url":"https:\/\/esildealba.com\/blog\/wp-content\/uploads\/2018\/01\/CABINAS-GALA-FLEX.jpg","name":"Ba\u00f1era modelo Flex Center, acabado acr\u00edlico, con 3 posibles opciones de hodromasaje. - El blog de Esil de Alba","isPartOf":{"@id":"https:\/\/esildealba.com\/blog\/#website"},"datePublished":"2018-01-03T15:50:56+00:00","dateModified":"2018-01-03T15:57:39+00:00","breadcrumb":{"@id":"https:\/\/esildealba.com\/blog\/wp-content\/uploads\/2018\/01\/CABINAS-GALA-FLEX.jpg#breadcrumb"},"inLanguage":"es","potentialAction":[{"@type":"ReadAction","target":["https:\/\/esildealba.com\/blog\/wp-content\/uploads\/2018\/01\/CABINAS-GALA-FLEX.jpg"]}]},{"@type":"BreadcrumbList","@id":"https:\/\/esildealba.com\/blog\/wp-content\/uploads\/2018\/01\/CABINAS-GALA-FLEX.jpg#breadcrumb","itemListElement":[{"@type":"ListItem","position":1,"name":"Portada","item":"https:\/\/esildealba.com\/blog\/"},{"@type":"ListItem","position":2,"name":"Nos hemos decidido a renovar el ba\u00f1o, y nos surge una cuesti\u00f3n importante \u00bfcabina de ducha o ba\u00f1era?","item":"https:\/\/esildealba.com\/blog\/banera-o-cabina-de-ducha-en-el-bano\/"},{"@type":"ListItem","position":3,"name":"Ba\u00f1era modelo Flex Center, acabado acr\u00edlico, con 3 posibles opciones de hodromasaje."}]},{"@type":"WebSite","@id":"https:\/\/esildealba.com\/blog\/#website","url":"https:\/\/esildealba.com\/blog\/","name":"El blog de Esil de Alba","description":"Pavimentos, gres, azulejos y mobiliario del hogar en Madrid","potentialAction":[{"@type":"SearchAction","target":{"@type":"EntryPoint","urlTemplate":"https:\/\/esildealba.com\/blog\/?s={search_term_string}"},"query-input":{"@type":"PropertyValueSpecification","valueRequired":true,"valueName":"search_term_string"}}],"inLanguage":"es"}]}},"description":{"rendered":"<p class=\"attachment\"><a href='https:\/\/esildealba.com\/blog\/wp-content\/uploads\/2018\/01\/CABINAS-GALA-FLEX.jpg'><img loading=\"lazy\" decoding=\"async\" width=\"300\" height=\"209\" src=\"https:\/\/esildealba.com\/blog\/wp-content\/uploads\/2018\/01\/CABINAS-GALA-FLEX-300x209.jpg\" class=\"attachment-medium size-medium\" alt=\"\" \/><\/a><\/p>\n"},"caption":{"rendered":"<p>Ba\u00f1era modelo Flex Center, acabado acr\u00edlico, con 3 posibles opciones de hodromasaje.<\/p>\n"},"alt_text":"","media_type":"image","mime_type":"image\/jpeg","media_details":{"width":800,"height":558,"file":"2018\/01\/CABINAS-GALA-FLEX.jpg","sizes":{"thumbnail":{"file":"CABINAS-GALA-FLEX-150x150.jpg","width":150,"height":150,"mime_type":"image\/jpeg","source_url":"https:\/\/esildealba.com\/blog\/wp-content\/uploads\/2018\/01\/CABINAS-GALA-FLEX-150x150.jpg"},"medium":{"file":"CABINAS-GALA-FLEX-300x209.jpg","width":300,"height":209,"mime_type":"image\/jpeg","source_url":"https:\/\/esildealba.com\/blog\/wp-content\/uploads\/2018\/01\/CABINAS-GALA-FLEX-300x209.jpg"},"medium_large":{"file":"CABINAS-GALA-FLEX-768x536.jpg","width":768,"height":536,"mime_type":"image\/jpeg","source_url":"https:\/\/esildealba.com\/blog\/wp-content\/uploads\/2018\/01\/CABINAS-GALA-FLEX-768x536.jpg"},"full":{"file":"CABINAS-GALA-FLEX.jpg","width":800,"height":558,"mime_type":"image\/jpeg","source_url":"https:\/\/esildealba.com\/blog\/wp-content\/uploads\/2018\/01\/CABINAS-GALA-FLEX.jpg"}},"image_meta":{"aperture":"11","credit":"Departamento de fotograf\u00eda 2 pl","camera":"Hasselblad CF528-39 - Hasselblad H Series","caption":"Imagen 483","created_timestamp":"1285891200","copyright":"Caparros Comunicaci\u00f3n","focal_length":"50","iso":"50","shutter_speed":"0.008","title":"Imagen 483","orientation":"1","keywords":[]}},"post":135,"source_url":"https:\/\/esildealba.com\/blog\/wp-content\/uploads\/2018\/01\/CABINAS-GALA-FLEX.jpg","_links":{"self":[{"href":"https:\/\/esildealba.com\/blog\/wp-json\/wp\/v2\/media\/148","targetHints":{"allow":["GET"]}}],"collection":[{"href":"https:\/\/esildealba.com\/blog\/wp-json\/wp\/v2\/media"}],"about":[{"href":"https:\/\/esildealba.com\/blog\/wp-json\/wp\/v2\/types\/attachment"}],"author":[{"embeddable":true,"href":"https:\/\/esildealba.com\/blog\/wp-json\/wp\/v2\/users\/1"}],"replies":[{"embeddable":true,"href":"https:\/\/esildealba.com\/blog\/wp-json\/wp\/v2\/comments?post=148"}],"wp:attached-to":[{"embeddable":true,"post_type":"post","id":135,"href":"https:\/\/esildealba.com\/blog\/wp-json\/wp\/v2\/posts\/135"}],"curies":[{"name":"wp","href":"https:\/\/api.w.org\/{rel}","templated":true}]}}

Bañera modelo Flex Center, acabado acrílico, con 3 posibles opciones de hodromasaje.

<!-- This site is optimized with the Yoast SEO plugin v27.0 - https://yoast.com/product/yoast-seo-wordpress/ -->
<title>Bañera modelo Flex Center, acabado acrílico, con 3 posibles opciones de hodromasaje. - El blog de Esil de Alba</title>
<meta name="robots" content="index, follow, max-snippet:-1, max-image-preview:large, max-video-preview:-1" />
<link rel="canonical" href="https://esildealba.com/blog/wp-content/uploads/2018/01/CABINAS-GALA-FLEX.jpg" />
<meta property="og:locale" content="es_ES" />
<meta property="og:type" content="article" />
<meta property="og:title" content="Bañera modelo Flex Center, acabado acrílico, con 3 posibles opciones de hodromasaje. - El blog de Esil de Alba" />
<meta property="og:description" content="Bañera modelo Flex Center, acabado acrílico, con 3 posibles opciones de hodromasaje." />
<meta property="og:url" content="https://esildealba.com/blog/wp-content/uploads/2018/01/CABINAS-GALA-FLEX.jpg" />
<meta property="og:site_name" content="El blog de Esil de Alba" />
<meta property="article:modified_time" content="2018-01-03T15:57:39+00:00" />
<meta property="og:image" content="https://esildealba.com/blog/wp-content/uploads/2018/01/CABINAS-GALA-FLEX.jpg" />
	<meta property="og:image:width" content="800" />
	<meta property="og:image:height" content="558" />
	<meta property="og:image:type" content="image/jpeg" />
<meta name="twitter:card" content="summary_large_image" />
<script type="application/ld+json" class="yoast-schema-graph">{"@context":"https://schema.org","@graph":[{"@type":"WebPage","@id":"https://esildealba.com/blog/wp-content/uploads/2018/01/CABINAS-GALA-FLEX.jpg","url":"https://esildealba.com/blog/wp-content/uploads/2018/01/CABINAS-GALA-FLEX.jpg","name":"Bañera modelo Flex Center, acabado acrílico, con 3 posibles opciones de hodromasaje. - El blog de Esil de Alba","isPartOf":{"@id":"https://esildealba.com/blog/#website"},"datePublished":"2018-01-03T15:50:56+00:00","dateModified":"2018-01-03T15:57:39+00:00","breadcrumb":{"@id":"https://esildealba.com/blog/wp-content/uploads/2018/01/CABINAS-GALA-FLEX.jpg#breadcrumb"},"inLanguage":"es","potentialAction":[{"@type":"ReadAction","target":["https://esildealba.com/blog/wp-content/uploads/2018/01/CABINAS-GALA-FLEX.jpg"]}]},{"@type":"BreadcrumbList","@id":"https://esildealba.com/blog/wp-content/uploads/2018/01/CABINAS-GALA-FLEX.jpg#breadcrumb","itemListElement":[{"@type":"ListItem","position":1,"name":"Portada","item":"https://esildealba.com/blog/"},{"@type":"ListItem","position":2,"name":"Nos hemos decidido a renovar el baño, y nos surge una cuestión importante ¿cabina de ducha o bañera?","item":"https://esildealba.com/blog/banera-o-cabina-de-ducha-en-el-bano/"},{"@type":"ListItem","position":3,"name":"Bañera modelo Flex Center, acabado acrílico, con 3 posibles opciones de hodromasaje."}]},{"@type":"WebSite","@id":"https://esildealba.com/blog/#website","url":"https://esildealba.com/blog/","name":"El blog de Esil de Alba","description":"Pavimentos, gres, azulejos y mobiliario del hogar en Madrid","potentialAction":[{"@type":"SearchAction","target":{"@type":"EntryPoint","urlTemplate":"https://esildealba.com/blog/?s={search_term_string}"},"query-input":{"@type":"PropertyValueSpecification","valueRequired":true,"valueName":"search_term_string"}}],"inLanguage":"es"}]}</script>
<!-- / Yoast SEO plugin. -->

Bañera modelo Flex Center, acabado acrílico, con 3 posibles opciones de hodromasaje. - El blog de Esil de Alba

Nos hemos decidido a renovar el baño, y nos surge una cuestión importante ¿cabina de ducha o bañera?

<p>Bañera modelo Flex Center, acabado acrílico, con 3 posibles opciones de hodromasaje.</p>

Departamento de fotografía 2 pl

Caparros Comunicación
